0, 3*q - 132 = 3*n. What is the greatest common divisor of 4 and q?
4
Let r = -1 + -9. Let q = -22 - r. Let u be (q/8)/3*-18. Calculate the greatest common factor of 3 and u.
3
Let y = -468 + 475. Let b = 91 + -14. Calculate the greatest common factor of b and y.
7
Let p be (4/(-5))/((-8)/1120). Calculate the highest common factor of p and 280.
56
Let m(w) = -3*w + 104. Let y be m(24). Calculate the greatest common factor of y and 24.
8
Let k = -13 + 16. Let y = -1 + k. Let q be (-2)/1 + 7 + y. What is the highest common divisor of 7 and q?
7
Let u = 1033 - 824. What is the greatest common divisor of 133 and u?
19
Suppose -14*a + 11*a = -276. Calculate the highest common divisor of a and 299.
23
Let j be ((-5)/(10/(-3)))/((-18)/(-48)). Suppose 0*y - 2*y = -3*g - 13, -3*y + 21 = -j*g. What is the greatest common factor of 2 and y?
1
Suppose b - 2*j + 4*j + 51 = 0, 0 = 4*b + 2*j + 210. Let z = b + 101. Calculate the greatest common factor of z and 6.
6
Let i = -578 + 635. What is the greatest common divisor of i and 133?
19
Let j be (22/(-8) - -1)/((-50)/3000). Calculate the highest common divisor of 28 and j.
7
Let s(d) = d**3 - 5*d**2 + 4*d - 2. Let m be s(5). Calculate the highest common factor of 54 and m.
18
Let g(p) = 29*p**2 + p. Let u be 0/(4 + -3) - 1. Let s be g(u). What is the highest common factor of s and 7?
7
Let q(z) = z**3 - 119*z**2 - 370*z + 563. Let x be q(122). Let u(p) = p - 2. Let s be u(3). Let o be s*3*(6 - 1). What is the highest common divisor of x and o?
15
Let d = -15 - -16. Let t be 13 + -3 + d + -3. Let b be -2 - 1 - 0 - -23. Calculate the highest common divisor of b and t.
4
Suppose -69*x + 513 = -12*x. Calculate the highest common divisor of 51 and x.
3
Let k(r) = 2*r**2 - 5*r + 4. Suppose 4*v + 2*f = 18, -3*f = 4*v - 2*f - 15. Let h be k(v). Calculate the highest common factor of h and 63.
7
Suppose 3*o - 109 = 44. What is the greatest common divisor of o and 68?
17
Let g(d) = d**2 - 4*d + 3. Let b be g(3). Let h be (6 - (2 + b)) + 3. Suppose 7*s - 9 = -2. Calculate the highest common divisor of s and h.
1
Suppose -2*z - s + 860 = 0, 2*s = 5*s. Calculate the greatest common factor of 10 and z.
10
Let v be (-15*3)/(3 + -4) + 2. Calculate the greatest common factor of v and 141.
47
Let v(j) = -16*j - 70. Let p be v(-16). What is the greatest common factor of p and 124?
62
Let k be 128/56*203/2. What is the greatest common factor of 29 and k?
29
Let m be (-4)/(-14) + (-20343)/(-21). Let j = m - 409. Suppose -r - j = -5*r. Calculate the highest common divisor of 20 and r.
20
Suppose 111 = 5*h - w, 52*h - 55*h = w - 65. Calculate the highest common divisor of h and 88.
22
Let c(m) = -m**3 - 6*m**2 + 4*m - 5. Let n be c(-7). Let d(t) = -2*t + 8. Let a = 7 - 15. Let w be d(a). Calculate the greatest common divisor of w and n.
8
Let s(j) = -j**3 - 5*j**2 + 5*j - 15. Let v be s(-7). Suppose n = 2*w - 52, 2*w - 4*n + n = v. Calculate the greatest common divisor of 135 and w.
27
Suppose 10*d - 577 - 203 = 0. Suppose 0 = 2*b - 46 - 58. Calculate the greatest common factor of b and d.
26
Suppose 5*q = -5*z + 5, q - 4*z + 0 = -4. Let g be 250 + q + -1 + 2. Let f = g - 174. Calculate the greatest common factor of f and 11.
11
Let y(z) = 12*z - 3. Suppose -8 = -2*p + 6. Let f be y(p). Suppose -2*w + 3*w + 42 = 5*b, 5*b - 39 = 2*w. What is the highest common factor of f and b?
9
Let i(p) = p**2 + 2*p - 4. Let r be i(-4). Suppose 6*q - r = 2*q. Let l be q + 33 - 32/(-16). Calculate the highest common divisor of 54 and l.
18
Let i = -1 + -2. Let k be 485/20 + i/12. Calculate the greatest common divisor of 8 and k.
8
Let s(w) = -w**3 - 59*w**2 + 55*w - 58. Let p be s(-60). What is the highest common factor of 44 and p?
22
Suppose 0 = a + 3*i + 60, -2*i + 69 = -5*a - 197. Let r = a + 75. What is the greatest common divisor of r and 14?
7
Let y be (-21)/6 + (-2)/(-4). Let s be y/2*(-184)/12. What is the highest common divisor of s and 23?
23
Suppose 33*g - 828 = 31*g. What is the highest common factor of g and 6?
6
Let h = 26 - 24. Suppose -w + h*w - 81 = 0. Suppose -4*s = -w - 15. What is the highest common divisor of 48 and s?
24
Let j be ((-65611)/(-412))/(2/8). Calculate the highest common divisor of 7 and j.
7
Suppose 3*y + 4*f = -14, 4*y + f + 24 = -3*f. Suppose 5*r = -b + 175, 0 = -r - 2*b - 3*b + 11. Let h = y + r. What is the greatest common divisor of h and 65?
13
Suppose 3*j - 203 - 37 = 0. Suppose 5*y = 3*s - 42 - 14, -5*s + 76 = -4*y. Let l be (16/(-3))/((-2)/s). Calculate the highest common divisor of j and l.
16
Let d be (3 + 1)*(-39)/(-12). Suppose -396 - 72 = -4*c. Calculate the highest common factor of d and c.
13
Suppose 18 + 93 = 3*z. Calculate the highest common divisor of z and 481.
37
Let n = -154 - -238. What is the highest common factor of n and 12?
12
Let y be 12/48 - 11/(-4). Suppose -p + 27 = -y*i, -4*i = -4*p - 0*p + 76. Let q be 1/3 - 8/(-3). Calculate the highest common divisor of p and q.
3
Suppose -2*b + 162 = -3*n, 10 = -12*n + 7*n. What is the greatest common divisor of b and 1482?
78
Let q(w) = 35*w**2 - 29*w + 69. Let n be q(3). Calculate the greatest common divisor of n and 66.
33
Suppose 3*f + 5*a - 11 + 27 = 0, 3*f + 48 = 3*a. Let b = f + 28. Calculate the greatest common factor of 4 and b.
4
Let m(t) = -6*t - 16. Let r be m(-13). Let x = -60 + r. Calculate the greatest common divisor of x and 5.
1
Let y be (-9)/(-3)*(-575)/(-3). What is the highest common factor of y and 23?
23
Suppose -911*n = -899*n - 12408. What is the highest common factor of n and 94?
94
Let w = 29 + -25. Suppose 5*f + 47 = 2*n, w*n - 90 - 64 = -2*f. Let m(x) = 13*x - 1. Let q be m(7). Calculate the greatest common divisor of n and q.
18
Let z(f) = -4*f + 6. Let s be z(6). Let v(p) = -p**2 - 19*p + 16. Let a be v(s). What is the greatest common divisor of a and 51?
17
Let j(o) = 47*o - 11. Let f be j(13). What is the greatest common divisor of 75 and f?
75
Let l be (15/(-5) + 3)/(-1). Suppose l = 4*j - 70 - 110. What is the greatest common factor of 9 and j?
9
Let z(x) = -6*x + 15. Let t be z(-16). What is the greatest common factor of 3 and t?
3
Suppose -14 = -2*b - 2. Let a = -210 - -216. What is the greatest common divisor of a and b?
6
Let h(k) = k**3 + 8*k**2 - 10*k - 50. Let b be h(-8). Calculate the greatest common factor of 130 and b.
10
Let a(h) = h**2 - 5*h + 4. Let x be a(5). Suppose -39 + 24 = -5*o. Suppose -8*d + 4*w + 9 = -o*d, -d + 5 = -4*w. What is the highest common divisor of x and d?
1
Suppose -1825 + 421 = -18*f. What is the greatest common divisor of f and 6?
6
Suppose -z + 3040 = 5*g - 1635, -g - 5*z = -959. Let o be g/4 - (4 + 55/(-10)). What is the greatest common divisor of o and 94?
47
Let i(b) = -2*b - 6. Let z be i(-5). Suppose 0 = k + z*k - 1440. Suppose 0 = 5*u - 20, -c - 4*c - 2*u = -k. Calculate the greatest common factor of 8 and c.
8
Let q = 24 + -11. Let i = -851 + 1505. Let z be 10/(-25) + i/10. Calculate the greatest common factor of q and z.
13
Let x(s) = -2*s**2 + 1. Let c be x(-2). Let j be (-3 + (-4 - c))*1. Suppose -a + j*a + 32 = 0. Calculate the greatest common factor of a and 48.
16
Let h(y) = y**2 - 3. Let u be h(5). Let q(p) = 21*p**2 + 2*p. Let c be q(2). What is the greatest common divisor of u and c?
22
Let n be (240/64)/(12/32). Calculate the highest common factor of 1810 and n.
10
Let w(r) = 10*r - 2. Let a be w(-1). Let p be 94*(-92)/(-32) + 3/a. Calculate the greatest common factor of p and 30.
30
Suppose 20*k = 16*k + 16. Suppose -3 = -a, k = -3*o - 2*a + 19. What is the greatest common factor of 21 and o?
3
Let c = 1517 - -108. Calculate the greatest common factor of 13 and c.
13
Let y be 8 - ((2 - 0) + -2). Suppose 3*k + 4*d + 2 = 0, 5*k = -0*d + 2*d + 40. Let n be (48/(-6))/((-2)/k). Calculate the greatest common divisor of y and n.
8
Suppose 19*h - 22*h = -6. Let u be (5/(-8 - -3))/(h/(-58)). Calculate the highest common divisor of 261 and u.
29
Suppose -9*v + 12*v + 63 = 0. Let r be 2/(-12)*4*v. Calculate the highest common divisor of r and 14.
14
Suppose -57*g - 304 = -76*g. Calculate the greatest common factor of g and 240.
16
Suppose 0 = 5*k - 25, 4*t + 4 + 17 = 5*k. Suppose 0*x + t = x. Let j = -1 + 3. Calculate the highest common factor of j and x.
1
Let